
-4221322231
14c026 (base 13) to base 8
1747675
Convert -5510162 (base 7) to base 2.
-10100100101111010110
What is 104434211 (base 8) in base 16?
1123889
-32103011 (base 4) to base 9
-88302
What is 110356 (base 14) in base 13?
172783
12413234 (base 5) to base 4
132001000
Convert -424302 (base 7) to base 9.
-121803
What is 3a4120 (base 11) in base 7?
5253254
Convert 130653402 (base 7) to base 11.
4793119
-3234103402 (base 5) to base 2
-11010011110100110101110
6556236 (base 7) to base 8
3042425
What is -200415420 (base 6) in base 16?
-33c564
Convert 2926 (base 15) to base 2.
10001001101011
Convert -101ced (base 15) to base 12.
-30b121
What is a24f (base 16) in base 6?
520211
35826a (base 14) to base 15
261960
What is 368175 (base 9) in base 10?
222494
Convert -b26006 (base 12) to base 7.
-32464122
What is -16618 (base 12) in base 3?
-1121212202
What is 3033315 (base 6) in base 10?
144623
4564218 (base 11) to base 15
a7ad8a
What is 166c26 (base 14) in base 4?
3000023202
-2421600 (base 7) to base 9
-518403
What is 1144411431 (base 5) in base 9?
5123674
Convert -7c9e4b (base 15) to base 10.
-5956721
Convert 84093 (base 14) to base 12.
134341
233983 (base 13) to base 12
3440b4
42421521 (base 7) to base 3
20210000011020
Convert -1648e (base 15) to base 4.
-101203211
Convert -178435 (base 9) to base 2.
-11011001000111100
What is -1200703 (base 8) in base 3?
-121200010000
111101001011111 (base 2) to base 4
13221133
Convert -141232240 (base 5) to base 10.
-727195
-50036 (base 11) to base 5
-4320434
What is -183518 (base 9) in base 3?
-12210120122
3a7d27 (base 14) to base 15
29d533
-211354 (base 8) to base 6
-1301500
-194a004 (base 11) to base 7
-36663200
Convert -331909 (base 13) to base 3.
-2021010121021
What is -1726016 (base 8) in base 5?
-112042143
1cb58 (base 14) to base 3
10201221010
-6b197 (base 16) to base 4
-1223012113
1dc4d6 (base 15) to base 8
5441635
1062525 (base 9) to base 3
1002002120212
What is 463a27 (base 11) in base 7?
6160340
-213202210 (base 4) to base 16
-278a4
Convert 6d0516 (base 15) to base 5.
2313344041
Convert 30122230 (base 4) to base 2.
1100011010101100
-4101153 (base 6) to base 11
-1232a7
Convert 31120334 (base 5) to base 6.
5242033
1711 (base 9) to base 11
a88
Convert -404815 (base 14) to base 12.
-884297
What is -1501034 (base 6) in base 12?
-4177a
-4ccb15 (base 13) to base 9
-3438133
What is -109519 (base 10) in base 15?
-226b4
Convert -6957a (base 11) to base 4.
-120202211
db9a (base 15) to base 5
2441440
What is -11121202210220 (base 3) in base 8?
-11274467
Convert 606641 (base 7) to base 3.
12020121002
2620826 (base 10) to base 14
4c317c
What is -2a884a (base 11) in base 10?
-480182
-102112220 (base 4) to base 9
-124108
10120220120 (base 3) to base 9
116816
1cebb (base 16) to base 9
200441
What is 10100100011011 (base 2) in base 15?
31b8
117cb8 (base 14) to base 3
1010101020202
Convert 28587 (base 13) to base 10.
75654
What is -d8d8a (base 15) in base 9?
-1258004
75b9c (base 14) to base 16
458fe
Convert -100001100000001011101101 (base 2) to base 7.
-134436112
Convert 1323433 (base 6) to base 5.
4322024
What is 4325504 (base 6) in base 16?
34330
Convert -734102 (base 14) to base 11.
-2218566
Convert -31543 (base 9) to base 2.
-101000101111000
91254 (base 14) to base 13
c2aa8
4a23649 (base 12) to base 13
2ccc964
1110011101001010 (base 2) to base 7
334424
-6660e5 (base 15) to base 10
-4880465
-110011001110011011101 (base 2) to base 10
-1678557
-271744 (base 12) to base 14
-12b3c8
Convert 111234541 (base 6) to base 4.
13232303131
What is 2243313 (base 5) in base 2?
1001111000001010
Convert -104160405 (base 7) to base 16.
-5f9fbb
-54121 (base 8) to base 16
-5851
Convert 13e76 (base 16) to base 12.
3b21a
What is -5523000 (base 6) in base 9?
-458700
What is -113662 (base 15) in base 14?
-175595
Convert -100111010110101110101 (base 2) to base 6.
-43350153
Convert -22021211212 (base 3) to base 2.
-100111110101110000
-100110010110010110 (base 2) to base 9
-258421
-12021012002202 (base 3) to base 14
-52bd17
Convert 10a75a9 (base 13) to base 15.
6b498c
6b1008 (base 15) to base 4
103201021130
-133ba (base 16) to base 6
-1404414
-724370 (base 8) to base 15
-4b10e
Convert b85810 (base 12) to base 7.
33521154
Convert 1623c27 (base 13) to base 5.
3310322331
Convert 20321332311 (base 4) to base 16.
239fb5
What is 126621520 (base 7) in base 9?
16424217
-16b532 (base 13) to base 8
-2124640
Convert 31a0635 (base 12) to base 4.
203322212021
22203203222 (base 4) to base 7
32343203
Convert 28b779 (base 16) to base 3.
12000120100222
What is -53411151 (base 6) in base 3?
-2221212211111
466d82 (base 16) to base 5
2140144204
332203331 (base 4) to base 15
50dd8
What is -102211222200 (base 3) in base 5?
-24431041
What is -285201 (base 10) in base 9?
-474200
-cc4 (base 16) to base 14
-1296
What is -10422010041 (base 5) in base 7?
-166613064
What is 1200131 (base 7) in base 13?
53b61
Convert 283a2 (base 11) to base 14.
10a21
120222313 (base 4) to base 3
12010121111
79686 (base 11) to base 6
2245422
Convert -ecc23 (base 16) to base 5.
-222013023
Convert -161355001 (base 7) to base 15.
-e5106a
Convert -1170361 (base 12) to base 2.
-1100111001010011111001
Convert 1404042 (base 7) to base 6.
3554223
Convert 4e11b8 (base 16) to base 3.
100121221022020
What is 298082 (base 12) in base 14?
142642
Convert -24354 (base 13) to base 15.
-14a76
121013113 (base 5) to base 2
10001001100101001101
What is -13005442 (base 7) in base 15?
-184271
Convert 2221230112 (base 4) to base 16.
a9b16
Convert 9b24 (base 13) to base 3.
1002201022
What is 1431001 (base 5) in base 8?
72656
Convert -a1740 (base 11) to base 10.
-148632
Convert -46030 (base 14) to base 12.
-8258a
What is 2010000101122 (base 3) in base 15?
172798
-454103354 (base 6) to base 2
-11111101101100111110110
Convert 1021112121020 (base 3) to base 5.
133223431
What is -7826711 (base 10) in base 12?
-275541b
-100031211203 (base 4) to base 12
-150b56b
5912a2 (base 11) to base 13
26b365
-222213030123 (base 4) to base 7
-163643211
What is -1011100100011000011 (base 2) in base 4?
-1130203003
What is 32237 (base 8) in base 4?
3102133
-21061617 (base 8) to base 12
-1601867
-4599793 (base 10) to base 5
-2134143133
Convert -12041214 (base 6) to base 2.
-1011100011101101010
Convert -3024503 (base 6) to base 12.
-6b133
Convert -1ce99 (base 16) to base 8.
-347231
Convert -27621262 (base 8) to base 3.
-102201202112121
Convert 4240443 (base 5) to base 16.
116cd
Convert -1233002004 (base 6) to base 15.
-13ebb2a
1f7fd (base 16) to base 14
3503b
What is -8a61aa (base 11) in base 8?
-5402345
What is 1022011221022 (base 3) in base 13?
1b3287
What is 13b7a (base 12) in base 14?
a0b4
81365 (base 11) to base 2
11101000001101101
What is -7a5223a (base 11) in base 6?
-1221540153
-2341250 (base 7) to base 13
-a483a
What is -5042b (base 12) in base 3?
-12022001122
Convert -4354 (base 13) to base 9.
-13754
What is -1010010010111011110 (base 2) in base 8?
-1222736
Convert -199236 (base 10) to base 8.
-605104
What is 1658a2 (base 11) in base 16?
3ea78
-109c3 (base 15) to base 3
-2200110210
What is -101111001000100010101 (base 2) in base 16?
-179115
Convert 2a3c69 (base 16) to base 3.
12012121221200
Convert -2f478 (base 16) to base 15.
-3c5a6
What is 1101114312 (base 5) in base 13?
649b58
-204434411 (base 5) to base 9
-1547855
Convert -a8637 (base 11) to base 12.
-77400
Convert 14004234 (base 5) to base 9.
234612
-1027202 (base 9) to base 2
-10000110001111000110
What is -21342 (base 5) in base 9?
-2015
What is -635361 (base 7) in base 3?
-12120211020
Convert 110010101011001101 (base 2) to base 12.
a0151
120011101 (base 3) to base 6
123101
What is -12521524 (base 9) in base 16?
-5dec6e
What is -3064114 (base 8) in base 9?
-1468360
281801 (base 11) to base 8
1536272
Convert -130143201 (base 5) to base 2.
-10011010000100001011
What is -1014451 (base 6) in base 12?
-24427
-1021002222 (base 3) to base 14
-90c2
What is 100110011111011100 (base 2) in base 5?
20021120
What is -124010011 (base 5) in base 7?
-5120305
5a3b4 (base 13) to base 9
271830
What is -efa45 (base 16) in base 5?
-222402243
Convert -4992290 (base 10) to base 3.
-100101122010122
What is 30aa90 (base 12) in base 11?
482aaa
35596 (base 12) to base 10
71682
What is -1571064 (b